se 3*j - 14 = -161. Let a = -20 - j. What is the remainder when a is divided by 16?
13
Suppose -3*i = 5*o - 302, 5*i = -21 + 41. Let f be 2/((-2 - -1)*1). Let r(q) = -7*q + 1. What is the remainder when o is divided by r(f)?
13
Let u be 1*(-3 + -7) + -1. Let g = 29 + u. Suppose -r = 2*r - g. What is the remainder when r is divided by 3?
0
Let q(a) = 36*a**2 + a - 5. Let v be q(-2). Suppose 0 = 5*i - v - 88. What is the remainder when i is divided by 23?
22
Let a = -1 - -5. Suppose 2*s + 5*c = 9, 2*s = -0*c + a*c + 54. What is the remainder when s is divided by (2 - 4)/(6/(-27))?
8
Suppose 2*v - 503 = -3*a, -502 = -2*v + a - 3*a. Calculate the remainder when v is divided by 21.
19
Suppose 38*q = 7*q + 341. What is the remainder when 62 is divided by q?
7
Let c = 113 + -71. What is the remainder when 81 is divided by c?
39
Suppose -3*j = 32 - 11. Let x(m) = -m**2 - 15*m + 8. Suppose -3*v + 171 = 5*d, 3*v - 105 = -3*d - 0*v. Calculate the remainder when x(j) is divided by d.
31
Let m(u) = 0*u**2 - 5*u - 8*u**2 + 10*u**3 - 9*u**3 + 13*u + 2. Let k be (-5)/(-1) - 4/(-2). What is the remainder when 17 is divided by m(k)?
8
Suppose o + 19 = -d, 5*d = -4*o - 52 - 24. Let t = 2 + -17. Let n = t - o. Calculate the remainder when 8 is divided by n.
0
Let b be 0/(-2) + (-78)/(-1). Suppose -2*p - 69 = -0*y + 5*y, 0 = -4*p - 2*y - 146. Let z = b + p. Calculate the remainder when z is divided by 22.
19
What is the remainder when 37*1*(-1)/(-1) is divided by (420/7)/(-3)*-1?
17
Suppose 0 = -3*i - 4*q + 3*q + 12, 3*i + 5*q = 0. Suppose 2*h = -3*y + h + 21, i*h - 28 = -4*y. What is the remainder when (19/2)/((-6)/(-12)) is divided by y?
5
Suppose -2*g = -8*g - 48. Let a(w) = -2*w**3 - 14*w**2 + 14*w + 9. Calculate the remainder when a(g) is divided by 14.
11
Let v(o) = o + 10 + 12 - 6 - 3. Let d = -14 - -3. Calculate the remainder when 4 is divided by v(d).
0
Suppose -3 - 33 = -p. Suppose -222 = 5*w - 927. What is the remainder when w is divided by p?
33
Suppose 2 = t - 23. Let w(u) = 2*u**2 + u + 3. Let i = -13 + 15. Calculate the remainder when t is divided by w(i).
12
Suppose 45*a = 53*a - 5344. Suppose 7*p = 914 + a. Calculate the remainder when p is divided by 46.
42
Let z = -1109 + 1112. Calculate the remainder when 25 is divided by z.
1
Let w = -622 - -697. Calculate the remainder when w is divided by 44.
31
Let f = 6 - -25. Let y = f + -20. Calculate the remainder when y is divided by 4.
3
Suppose 5*z - 5 = 0, -409 = -5*l - z + 32. What is the remainder when l is divided by 23?
19
Suppose 0 = k + 3*k - 3*g - 368, 0 = 3*k - 3*g - 273. What is the remainder when k is divided by 26?
17
Let j(r) = 38*r + 179. Calculate the remainder when j(-4) is divided by 8.
3
Let l(i) = -i**3 + 13*i**2 - 15*i. Let n be l(12). Let f = -23 - n. Suppose -3 = -g + f. Calculate the remainder when g is divided by 6.
4
Let k = 584 - 537. What is the remainder when k is divided by 5?
2
Let w be (-12)/(-9)*51/2. Let z = -27 + w. Suppose 3*q + 5*y = -4, -5*q + z*y - 3*y + 18 = 0. What is the remainder when 7 is divided by q?
1
Let d = 49 + -46. Let a = -4 + -1. What is the remainder when (112/(-40))/(1/a) is divided by d?
2
Let h be 8/(-8) - 0/(-1). Let x(y) = -24*y - 1. Let v be x(h). Calculate the remainder when 69 is divided by v - (-3)/((-9)/(-3)).
21
Let j = -34 - -151. Suppose p - 5*z - j = 5*p, 2*p + z = -57. Let a = 81 + p. What is the remainder when a is divided by 14?
11
Calculate the remainder when 182 is divided by (37/(-2))/(-1*(-2)/(-4)).
34
Let k(q) = -2*q**3 + 14*q**2 + 51*q - 11. What is the remainder when k(-5) is divided by 86?
76
Let l(o) = -12*o + 127. What is the remainder when 174 is divided by l(10)?
6
Let p(w) = w**3 - 6*w**2 - 20*w + 45. What is the remainder when 406 is divided by p(9)?
82
Suppose j = 5*l + 1 - 15, -3*l + 42 = 5*j. Calculate the remainder when 12 is divided by j.
0
Suppose -1689 = -20*g - 149. Calculate the remainder when 229 is divided by g.
75
Suppose -3*h + 3*m + 115 + 44 = 0, 207 = 4*h + m. What is the remainder when h is divided by 48?
4
Let g(l) = 3*l**2 - 2*l + 6. Calculate the remainder when 135 is divided by g(2).
9
What is the remainder when 2904/16*-2*(-24)/9 is divided by 97?
95
Let f(k) = -223*k + 37. Let r be f(13). What is the remainder when (4/(-6))/(-3*(-12)/r) is divided by 31?
22
Let i be (-1)/4 + 27/12. Suppose -3*u - 11 = -s - 0*s, -3*s + 47 = -i*u. Calculate the remainder when 65 is divided by s.
14
Suppose -4*j + 72 - 16 = 0. Suppose -10*p = -j*p + 28. Calculate the remainder when 18 is divided by p.
4
Calculate the remainder when 115 is divided by (-40 - 1)*(-9 + 1)/8.
33
What is the remainder when 75 is divided by (9 - (8 + -3))*(-28)/(-16)?
5
Suppose 0 = -51*w + 17274 + 8328. Calculate the remainder when w is divided by 21.
19
Suppose -3*x - 2*t = -4*x - 4, -4*t = 3*x + 12. Let p = 25 + x. Calculate the remainder when p is divided by 8.
5
Suppose 0 = 5*i - 2*v - 140, 0 = 2*v - 5*v. Suppose -b - 3*b = -i. What is the remainder when 17 is divided by b?
3
Let m be (-4)/((20/15)/2). Calculate the remainder when 64 is divided by 1 - 14*m/4.
20
Suppose v = -15 + 50. Suppose -37*p + 32 = -v*p. What is the remainder when p is divided by 7?
2
Let j(r) = -2*r + 1. Let c be j(-1). Suppose -2*k - z + 10 = c*z, 2*k + 5*z = 12. What is the remainder when 26 is divided by (-1)/(3/(-15)) + k?
2
Let r = -69 - -88. Calculate the remainder when r is divided by 11.
8
Suppose -3*s = -s - 34. Let b(o) = -4*o + 1. Let l be b(1). Calculate the remainder when 33 is divided by s - (3 - 3)/l.
16
What is the remainder when 13 - (2 + -7 + 10) is divided by 6?
2
Suppose -8 = -v - m, v + 2 - 13 = 2*m. Calculate the remainder when 30 is divided by v.
3
Calculate the remainder when 894 is divided by (74/185)/(4/160).
14
Suppose 22 = 2*f - 22. Let u = f + -16. Calculate the remainder when 15 is divided by u.
3
Let j = 7 + -1. Let k(m) = 5*m + 181. Calculate the remainder when k(-32) is divided by j.
3
Let k = -1169 + 1201. Calculate the remainder when 280 is divided by k.
24
Suppose -5 - 2 = o. Let z(i) = 1 - 7*i**2 - 4 - 2*i**3 + 10 + i**3. What is the remainder when 26 is divided by z(o)?
5
Let y be (-8)/36 + 3005/(-45). Let w = 223 + y. Calculate the remainder when w is divided by 41.
33
Let b(s) = 2*s**3 - 2*s**2. Let n be 2/4 + (-15)/(-10). Suppose 0 = -x - 4, 15 = 3*c - 2*c + n*x. What is the remainder when c is divided by b(2)?
7
Suppose -9*m - 6272 = -18683. Calculate the remainder when m is divided by 30.
29
Suppose 2*u + 5*w + 49 - 163 = 0, 5*u + 5*w = 315. Let g = 10 + -8. Suppose 3*o - g*p = 57, -4*o = -p - p - 74. What is the remainder when u is divided by o?
16
Let l = 3 - -8. Let n(t) = t**3 - 9*t**2 - 21*t + 7. What is the remainder when 85 is divided by n(l)?
13
Let z = 8 + -16. Let u(b) = b**2 + 7*b + 2. Suppose 2*x = o + 78, 0 = x + o - 12 - 21. What is the remainder when x is divided by u(z)?
7
Suppose 3*j = 3*a + 14 - 44, 0 = 2*a - 4*j - 18. Suppose -509 = -a*q - 47. What is the remainder when 165 is divided by q?
39
Suppose 13*w = 14*w - 4. Suppose w*z - 5*z = -10. Calculate the remainder when 58 is divided by z.
8
Suppose -5*d = -0*d - 15. Suppose -32 = -5*c - 2*m + 7, -d*c + 13 = -4*m. Let f(q) = -5*q. Calculate the remainder when f(-5) is divided by c.
4
Let k(f) = -2*f**2 - 34*f - 72. What is the remainder when k(-13) is divided by 4?
0
Let q(g) = g**3 + 7*g**2 - 9*g - 5. Let o be q(-6). Suppose 0 = 2*v + 3*v - o. Let i = -12 + 22. What is the remainder when v is divided by i?
7
Let d be (5 + -3)/((-4)/8). Let r(n) = -n**2 - 7*n. What is the remainder when r(d) is divided by 7?
5
Let c(o) = -2*o**3 + 2*o. Let z be c(-5). Suppose v + z = 9*v. What is the remainder when v is divided by 11?
8
Let i = -122 - -148. What is the remainder when i is divided by 12?
2
Let z(j) = -7*j - 41. Let h = 45 - 25. What is the remainder when z(-14) is divided by h?
17
Let i be 6/(-9)*9/(-2). Suppose 0 = 2*l - 3*x - 17 - 58, -i*l = 4*x - 87. What is the remainder when 15/2*1302/155 is divided by l?
30
What is the remainder when 122 is divided by (8/(-4) - -4)/(2/45)?
32
Let q = 6 + 11. Let c = -11 + 28. Suppose 16 = f - c. What is the remainder when f is divided by q?
16
Calculate the remainder when (27/(-18))/(9/(-348)) is divided by